{"id":2,"date":"2020-01-26T19:49:38","date_gmt":"2020-01-26T19:49:38","guid":{"rendered":"http:\/\/mstextil.de\/?page_id=2"},"modified":"2020-03-13T14:58:47","modified_gmt":"2020-03-13T14:58:47","slug":"beispiel-seite","status":"publish","type":"page","link":"https:\/\/www.mstextil.de\/?page_id=2","title":{"rendered":"Home"},"content":{"rendered":"<h1><span style=\"color: #0000ff;\"><strong><img decoding=\"async\" loading=\"lazy\" class=\" wp-image-14 size-medium alignright\" src=\"http:\/\/www.mstextil.de\/wp-content\/uploads\/2015\/01\/image002-300x184.jpg\" alt=\"image002\" width=\"300\" height=\"184\" srcset=\"https:\/\/www.mstextil.de\/wp-content\/uploads\/2015\/01\/image002-300x184.jpg 300w, https:\/\/www.mstextil.de\/wp-content\/uploads\/2015\/01\/image002-1024x627.jpg 1024w, https:\/\/www.mstextil.de\/wp-content\/uploads\/2015\/01\/image002.jpg 1130w\" sizes=\"(max-width: 300px) 100vw, 300px\" \/><\/strong><\/span><\/h1>\n<h1 style=\"text-align: left;\"><span style=\"color: #000000;\">Mein Unternehmen<\/span><\/h1>\n<ul>\n<li><strong><span style=\"color: #000000;\">Spezialist f\u00fcr feine W\u00e4scheausstattung.<\/span><\/strong><\/li>\n<\/ul>\n<h1 style=\"text-align: left;\"><span style=\"color: #000000;\">Meine Zielgruppe<\/span><\/h1>\n<ul>\n<li style=\"text-align: left;\"><strong><span style=\"color: #000000;\">Vorstands- und Besucherkasinos.<\/span><\/strong><\/li>\n<li style=\"text-align: left;\"><strong><span style=\"color: #000000;\">G\u00e4steh\u00e4user.<\/span><\/strong><\/li>\n<li style=\"text-align: left;\"><strong><span style=\"color: #000000;\">Hotels und Restaurants.<\/span><\/strong><\/li>\n<li style=\"text-align: left;\"><strong><span style=\"color: #000000;\">Bundes und Landesregierung.<\/span><\/strong><\/li>\n<\/ul>\n<h1 style=\"text-align: left;\"><span style=\"color: #000000;\">Mein Service<\/span><\/h1>\n<ul>\n<li style=\"text-align: left;\"><strong><span style=\"color: #000000;\">Pers\u00f6nliche Fachberatung vor Ort.<\/span><\/strong><\/li>\n<li style=\"text-align: left;\"><strong><span style=\"color: #000000;\">Ma\u00dfanfertigungen und \u00dcbergr\u00f6\u00dfen.<\/span><\/strong><\/li>\n<\/ul>\n","protected":false},"excerpt":{"rendered":"<p>Mein Unternehmen Spezialist f\u00fcr feine W\u00e4scheausstattung. Meine Zielgruppe Vorstands- und Besucherkasinos. G\u00e4steh\u00e4user. Hotels und Restaurants. Bundes und Landesregierung. Mein Service Pers\u00f6nliche Fachberatung vor Ort. Ma\u00dfanfertigungen und \u00dcbergr\u00f6\u00dfen.<\/p>\n","protected":false},"author":1,"featured_media":0,"parent":0,"menu_order":0,"comment_status":"closed","ping_status":"closed","template":"","meta":[],"acf":[],"_links":{"self":[{"href":"https:\/\/www.mstextil.de\/index.php?rest_route=\/wp\/v2\/pages\/2"}],"collection":[{"href":"https:\/\/www.mstextil.de\/index.php?rest_route=\/wp\/v2\/pages"}],"about":[{"href":"https:\/\/www.mstextil.de\/index.php?rest_route=\/wp\/v2\/types\/page"}],"author":[{"embeddable":true,"href":"https:\/\/www.mstextil.de\/index.php?rest_route=\/wp\/v2\/users\/1"}],"replies":[{"embeddable":true,"href":"https:\/\/www.mstextil.de\/index.php?rest_route=%2Fwp%2Fv2%2Fcomments&post=2"}],"version-history":[{"count":9,"href":"https:\/\/www.mstextil.de\/index.php?rest_route=\/wp\/v2\/pages\/2\/revisions"}],"predecessor-version":[{"id":208,"href":"https:\/\/www.mstextil.de\/index.php?rest_route=\/wp\/v2\/pages\/2\/revisions\/208"}],"wp:attachment":[{"href":"https:\/\/www.mstextil.de\/index.php?rest_route=%2Fwp%2Fv2%2Fmedia&parent=2"}],"curies":[{"name":"wp","href":"https:\/\/api.w.org\/{rel}","templated":true}]}}