{"id":87,"date":"2020-01-29T20:34:57","date_gmt":"2020-01-29T20:34:57","guid":{"rendered":"http:\/\/www.mstextil.de\/?page_id=87"},"modified":"2020-03-13T14:59:40","modified_gmt":"2020-03-13T14:59:40","slug":"kuechenwaesche","status":"publish","type":"page","link":"https:\/\/www.mstextil.de\/?page_id=87","title":{"rendered":"K\u00fcchenw\u00e4sche"},"content":{"rendered":"<p>Geschirrt\u00fccher, Gl\u00e4sert\u00fccher, Grubent\u00fccher, Vorstecker \u2013 alles was Sie f\u00fcr Ihre K\u00fcche an W\u00e4sche ben\u00f6tigen.<\/p>\n<p>&nbsp;<\/p>\n<img decoding=\"async\" loading=\"lazy\" class=\"alignnone size-large wp-image-15\" src=\"http:\/\/www.mstextil.de\/wp-content\/uploads\/2015\/01\/image0012-1024x725.jpg\" alt=\"image0012\" width=\"640\" height=\"453\" srcset=\"https:\/\/www.mstextil.de\/wp-content\/uploads\/2015\/01\/image0012-1024x725.jpg 1024w, https:\/\/www.mstextil.de\/wp-content\/uploads\/2015\/01\/image0012-300x212.jpg 300w, https:\/\/www.mstextil.de\/wp-content\/uploads\/2015\/01\/image0012.jpg 1132w\" sizes=\"(max-width: 640px) 100vw, 640px\" \/>\n","protected":false},"excerpt":{"rendered":"<p>Geschirrt\u00fccher, Gl\u00e4sert\u00fccher, Grubent\u00fccher, Vorstecker \u2013 alles was Sie f\u00fcr Ihre K\u00fcche an W\u00e4sche ben\u00f6tigen. &nbsp;<\/p>\n","protected":false},"author":1,"featured_media":0,"parent":73,"menu_order":0,"comment_status":"closed","ping_status":"closed","template":"","meta":[],"acf":[],"_links":{"self":[{"href":"https:\/\/www.mstextil.de\/index.php?rest_route=\/wp\/v2\/pages\/87"}],"collection":[{"href":"https:\/\/www.mstextil.de\/index.php?rest_route=\/wp\/v2\/pages"}],"about":[{"href":"https:\/\/www.mstextil.de\/index.php?rest_route=\/wp\/v2\/types\/page"}],"author":[{"embeddable":true,"href":"https:\/\/www.mstextil.de\/index.php?rest_route=\/wp\/v2\/users\/1"}],"replies":[{"embeddable":true,"href":"https:\/\/www.mstextil.de\/index.php?rest_route=%2Fwp%2Fv2%2Fcomments&post=87"}],"version-history":[{"count":2,"href":"https:\/\/www.mstextil.de\/index.php?rest_route=\/wp\/v2\/pages\/87\/revisions"}],"predecessor-version":[{"id":103,"href":"https:\/\/www.mstextil.de\/index.php?rest_route=\/wp\/v2\/pages\/87\/revisions\/103"}],"up":[{"embeddable":true,"href":"https:\/\/www.mstextil.de\/index.php?rest_route=\/wp\/v2\/pages\/73"}],"wp:attachment":[{"href":"https:\/\/www.mstextil.de\/index.php?rest_route=%2Fwp%2Fv2%2Fmedia&parent=87"}],"curies":[{"name":"wp","href":"https:\/\/api.w.org\/{rel}","templated":true}]}}