{"id":96,"date":"2020-01-29T20:40:19","date_gmt":"2020-01-29T20:40:19","guid":{"rendered":"http:\/\/www.mstextil.de\/?page_id=96"},"modified":"2020-03-13T15:00:03","modified_gmt":"2020-03-13T15:00:03","slug":"tischwaesche","status":"publish","type":"page","link":"https:\/\/www.mstextil.de\/?page_id=96","title":{"rendered":"Tischw\u00e4sche"},"content":{"rendered":"<p>Ob Reinleinen, Halbleinen, Baumwolle oder Mischqualit\u00e4t; vom Schweizer Satin \u00fcber Damast bis hin zur Leinwandbindung; unterschiedliche Saumabschl\u00fcsse: schmal ges\u00e4umt, eingeschlagener Saum mit Briefecke, mit und ohne Zierstich oder Hohlsaum.<\/p>\n<p>&nbsp;<\/p>\n<img decoding=\"async\" loading=\"lazy\" class=\"alignnone size-full wp-image-7\" src=\"http:\/\/www.mstextil.de\/wp-content\/uploads\/2015\/01\/a_Frontseite_neu02.jpg\" alt=\"a_Frontseite_neu02\" width=\"833\" height=\"427\" srcset=\"https:\/\/www.mstextil.de\/wp-content\/uploads\/2015\/01\/a_Frontseite_neu02.jpg 833w, https:\/\/www.mstextil.de\/wp-content\/uploads\/2015\/01\/a_Frontseite_neu02-300x154.jpg 300w\" sizes=\"(max-width: 833px) 100vw, 833px\" \/>\n","protected":false},"excerpt":{"rendered":"<p>Ob Reinleinen, Halbleinen, Baumwolle oder Mischqualit\u00e4t; vom Schweizer Satin \u00fcber Damast bis hin zur Leinwandbindung; unterschiedliche Saumabschl\u00fcsse: schmal ges\u00e4umt, eingeschlagener Saum mit Briefecke, mit und ohne Zierstich oder Hohlsaum. &nbsp;<\/p>\n","protected":false},"author":1,"featured_media":0,"parent":73,"menu_order":0,"comment_status":"closed","ping_status":"closed","template":"","meta":[],"acf":[],"_links":{"self":[{"href":"https:\/\/www.mstextil.de\/index.php?rest_route=\/wp\/v2\/pages\/96"}],"collection":[{"href":"https:\/\/www.mstextil.de\/index.php?rest_route=\/wp\/v2\/pages"}],"about":[{"href":"https:\/\/www.mstextil.de\/index.php?rest_route=\/wp\/v2\/types\/page"}],"author":[{"embeddable":true,"href":"https:\/\/www.mstextil.de\/index.php?rest_route=\/wp\/v2\/users\/1"}],"replies":[{"embeddable":true,"href":"https:\/\/www.mstextil.de\/index.php?rest_route=%2Fwp%2Fv2%2Fcomments&post=96"}],"version-history":[{"count":2,"href":"https:\/\/www.mstextil.de\/index.php?rest_route=\/wp\/v2\/pages\/96\/revisions"}],"predecessor-version":[{"id":106,"href":"https:\/\/www.mstextil.de\/index.php?rest_route=\/wp\/v2\/pages\/96\/revisions\/106"}],"up":[{"embeddable":true,"href":"https:\/\/www.mstextil.de\/index.php?rest_route=\/wp\/v2\/pages\/73"}],"wp:attachment":[{"href":"https:\/\/www.mstextil.de\/index.php?rest_route=%2Fwp%2Fv2%2Fmedia&parent=96"}],"curies":[{"name":"wp","href":"https:\/\/api.w.org\/{rel}","templated":true}]}}